{"id":66,"date":"2013-07-09T13:00:07","date_gmt":"2013-07-09T13:00:07","guid":{"rendered":"http:\/\/core-loc.com\/spanish\/design-wave-breaking\/"},"modified":"2013-07-09T14:52:50","modified_gmt":"2013-07-09T14:52:50","slug":"design-wave-breaking","status":"publish","type":"page","link":"https:\/\/core-loc.com\/spanish\/design-wave-breaking\/","title":{"rendered":"Ola de dise\u00f1o rompiente"},"content":{"rendered":"<p><span style=\"font-family: Verdana; font-size: small;\"><span style=\"font-family: Verdana; font-size: small;\">Es necesario contar con un oleaje de dise\u00f1o preciso para tener una determinaci\u00f3n confiable del tama\u00f1o de las unidades de coraza.\u00a0 En muchos casos la altura del oleaje podr\u00e1 estar limitada por la profundidad en la que se encuentra el pie de la estructura, por lo que la ola de dise\u00f1o puede ser calculada usando &#8220;Oleaje rompiente&#8221;.\u00a0 Utilizando esta altura de ola para el dise\u00f1o, generalmente se obtendr\u00e1n resultados conservadores para el tama\u00f1o de las unidades de coraza.\u00a0 Un enfoque m\u00e1s sofisticado es considerar un modelo de transformaci\u00f3n de oleaje irregular como el calculado con Goda en la p\u00e1gina &#8220;Oleaje irregular&#8221;, \u00a0 Este enfoque requiere que el usuario tenga alg\u00fan conocimiento en relaci\u00f3n al oleaje de dise\u00f1o de aguas profundas y su direccionalidad, efectos de la refracci\u00f3n del oleaje y supuestos impl\u00edcitos en el modelo de Goda.\u00a0 Para asegurar un dise\u00f1o confiable y \u00f3ptimo se recomienda un an\u00e1lisis en modelo f\u00edsico.<\/span><br \/>\n<\/span><\/p>\n","protected":false},"excerpt":{"rendered":"<p>Es necesario contar con un oleaje de dise\u00f1o preciso para tener una determinaci\u00f3n confiable del tama\u00f1o de las unidades de coraza.\u00a0 En muchos casos la altura del oleaje podr\u00e1 estar limitada por la profundidad en la que se encuentra el pie de la estructura, por lo que la ola de dise\u00f1o puede ser calculada usando [&hellip;]<\/p>\n","protected":false},"author":2,"featured_media":0,"parent":0,"menu_order":8,"comment_status":"closed","ping_status":"closed","template":"","meta":{"footnotes":""},"_links":{"self":[{"href":"https:\/\/core-loc.com\/spanish\/wp-json\/wp\/v2\/pages\/66"}],"collection":[{"href":"https:\/\/core-loc.com\/spanish\/wp-json\/wp\/v2\/pages"}],"about":[{"href":"https:\/\/core-loc.com\/spanish\/wp-json\/wp\/v2\/types\/page"}],"author":[{"embeddable":true,"href":"https:\/\/core-loc.com\/spanish\/wp-json\/wp\/v2\/users\/2"}],"replies":[{"embeddable":true,"href":"https:\/\/core-loc.com\/spanish\/wp-json\/wp\/v2\/comments?post=66"}],"version-history":[{"count":2,"href":"https:\/\/core-loc.com\/spanish\/wp-json\/wp\/v2\/pages\/66\/revisions"}],"predecessor-version":[{"id":147,"href":"https:\/\/core-loc.com\/spanish\/wp-json\/wp\/v2\/pages\/66\/revisions\/147"}],"wp:attachment":[{"href":"https:\/\/core-loc.com\/spanish\/wp-json\/wp\/v2\/media?parent=66"}],"curies":[{"name":"wp","href":"https:\/\/api.w.org\/{rel}","templated":true}]}}