{"id":64,"date":"2013-07-09T13:00:05","date_gmt":"2013-07-09T13:00:05","guid":{"rendered":"http:\/\/core-loc.com\/spanish\/engineering-details\/"},"modified":"2013-07-09T13:34:14","modified_gmt":"2013-07-09T13:34:14","slug":"engineering-details","status":"publish","type":"page","link":"https:\/\/core-loc.com\/spanish\/","title":{"rendered":"Detalles de Ingenier\u00eda"},"content":{"rendered":"<p><b><span style=\"font-family: Verdana; font-size: small;\">Detalles de Ingenier\u00eda<\/span><\/b><\/p>\n<p><span style=\"font-family: Verdana; font-size: small;\">La <b>forma del Core-Loc<sup>\u00ae<\/sup><\/b> se presenta en la siguiente figura:<\/span><span style=\"font-family: Verdana; font-size: small;\">\u00a0<\/span><\/p>\n<p align=\"center\"><img decoding=\"async\" loading=\"lazy\" alt=\"\" src=\"http:\/\/www.core-loc.com\/img\/front.jpg\" width=\"234\" height=\"247\" border=\"0\" \/><br \/>\n<img decoding=\"async\" loading=\"lazy\" alt=\"\" src=\"http:\/\/www.core-loc.com\/img\/top.jpg\" width=\"264\" height=\"227\" border=\"0\" \/><img decoding=\"async\" loading=\"lazy\" alt=\"\" src=\"http:\/\/www.core-loc.com\/img\/side.jpg\" width=\"269\" height=\"254\" border=\"0\" \/><\/p>\n<p><span style=\"font-family: Verdana; font-size: small;\">En estas im\u00e1genes las dimensiones est\u00e1n relacionadas a la altura de la unidad, C, como sigue:<\/span><\/p>\n<blockquote><p><span style=\"font-family: Verdana; font-size: small;\">A = 0.179 C<\/span><\/p>\n<p><span style=\"font-family: Verdana; font-size: small;\">B = 0.360 C\u00a0<\/span><br \/>\n<span style=\"font-family: Verdana; font-size: small;\">D = 0.640 C\u00a0<\/span><br \/>\n<span style=\"font-family: Verdana; font-size: small;\">E = 0.248 C\u00a0<\/span><br \/>\n<span style=\"font-family: Verdana; font-size: small;\">F = 0.175 C\u00a0<\/span><br \/>\n<span style=\"font-family: Verdana; font-size: small;\">G = 0.500 C\u00a0<\/span><br \/>\n<span style=\"font-family: Verdana; font-size: small;\">J = 0.320 C\u00a0<\/span><\/p><\/blockquote>\n<p align=\"justify\"><span style=\"font-family: Verdana; font-size: small;\">El <b>patr\u00f3n de colocaci\u00f3n del Core-loc<\/b> se ilustra en la siguiente im\u00e1gen 3-D. Esta vista muestra la red de colocaci\u00f3n con dimensi\u00f3n &#8220;x&#8221; entre centros (esta dimensi\u00f3n puede ser calculada en la p\u00e1gina &#8220;Dise\u00f1o de Core-Loc&#8221;). Las unidades de Core-locs se muestran fuera de escala para ilustrar mejor el patr\u00f3n de filas y columnas. Note que la primera fila (unidades del pie) son colocadas en el mismo nivel o cota que las unidades de la segunda fila.\u00a0 Donde se requiere de rocas al pie del talud (o preferidas por el proyectista), la primera fila no ser\u00eda necesaria.<\/span><span style=\"font-family: Verdana; font-size: small;\">\u00a0<\/span><\/p>\n<p align=\"center\"><span style=\"font-family: Verdana; font-size: small;\"><img decoding=\"async\" loading=\"lazy\" alt=\"\" src=\"http:\/\/www.core-loc.com\/img\/grid.gif\" width=\"300\" height=\"293\" border=\"0\" \/><\/span><\/p>\n<p><span style=\"font-family: Verdana; font-size: small;\">En la siguiente figura se presenta la misma red de colocaci\u00f3n que la anterior, pero con Core-locs en escala y con diferentes colores para filas alternadas.\u00a0<\/span><\/p>\n<p align=\"center\"><img decoding=\"async\" loading=\"lazy\" alt=\"\" src=\"http:\/\/www.core-loc.com\/img\/gridscale.gif\" width=\"300\" height=\"266\" border=\"0\" \/><\/p>\n<p><span style=\"font-family: Verdana; font-size: small;\">La siguiente figura presenta una vista lateral de las columnas 1 y 2 con un filtro de rocas t\u00edpico. Se observa la ubicaci\u00f3n de las primeras dos filas en el mismo nivel.Es necesario conocer las condiciones de cimentaci\u00f3n para el dise\u00f1o del pie de apoyo, el que deber\u00e1 contar con rocas de sacrificio si existe el riesgo de socavaci\u00f3n. Si se dise\u00f1a un enrocado de apoyo adecuado, entonces no es necesaria la primera fila de Core-locs.<\/span><\/p>\n<p align=\"center\"><img decoding=\"async\" loading=\"lazy\" alt=\"\" src=\"http:\/\/www.core-loc.com\/img\/underlayer.gif\" width=\"300\" height=\"187\" border=\"0\" \/><\/p>\n","protected":false},"excerpt":{"rendered":"<p>Detalles de Ingenier\u00eda La forma del Core-Loc\u00ae se presenta en la siguiente figura:\u00a0 En estas im\u00e1genes las dimensiones est\u00e1n relacionadas a la altura de la unidad, C, como sigue: A = 0.179 C B = 0.360 C\u00a0 D = 0.640 C\u00a0 E = 0.248 C\u00a0 F = 0.175 C\u00a0 G = 0.500 C\u00a0 J = [&hellip;]<\/p>\n","protected":false},"author":2,"featured_media":0,"parent":0,"menu_order":6,"comment_status":"closed","ping_status":"closed","template":"","meta":{"footnotes":""},"_links":{"self":[{"href":"https:\/\/core-loc.com\/spanish\/wp-json\/wp\/v2\/pages\/64"}],"collection":[{"href":"https:\/\/core-loc.com\/spanish\/wp-json\/wp\/v2\/pages"}],"about":[{"href":"https:\/\/core-loc.com\/spanish\/wp-json\/wp\/v2\/types\/page"}],"author":[{"embeddable":true,"href":"https:\/\/core-loc.com\/spanish\/wp-json\/wp\/v2\/users\/2"}],"replies":[{"embeddable":true,"href":"https:\/\/core-loc.com\/spanish\/wp-json\/wp\/v2\/comments?post=64"}],"version-history":[{"count":2,"href":"https:\/\/core-loc.com\/spanish\/wp-json\/wp\/v2\/pages\/64\/revisions"}],"predecessor-version":[{"id":104,"href":"https:\/\/core-loc.com\/spanish\/wp-json\/wp\/v2\/pages\/64\/revisions\/104"}],"wp:attachment":[{"href":"https:\/\/core-loc.com\/spanish\/wp-json\/wp\/v2\/media?parent=64"}],"curies":[{"name":"wp","href":"https:\/\/api.w.org\/{rel}","templated":true}]}}